lculate a(0).
-7
Let g(o) = 4*o**3 + 121*o**2 - 372*o - 11706. Determine g(-30).
354
Let a(z) = -z**3 - 203*z**2 - 15*z - 3456. What is a(-203)?
-411
Let i(a) = -12*a**3 + 31*a**2 + 2037*a - 6074. Determine i(3).
-8
Let c(m) = m**2 + 3387*m + 10150. Give c(-3).
-2
Let q(l) = -7*l**3 - 193*l**2 + 1610*l + 535. What is q(7)?
-53
Let v(a) = 195*a**2 - 708*a - 45. Determine v(4).
243
Let g(s) = -2*s**2 + 134*s - 457. What is g(62)?
163
Let l(c) = 10*c**3 + 11*c**2 - c + 30. Give l(-2).
-4
Let j(g) = 2448*g - 73500. What is j(30)?
-60
Let z(r) = -1052*r - 375572. Give z(-357).
-8
Let k(v) = -626*v**2 - 16374*v - 2551. Determine k(-26).
-3
Let l(k) = k**2 - 11851*k - 595042. What is l(-50)?
8
Let v(k) = k**3 + 107*k**2 - 1076*k + 70. Give v(9).
-218
Let c(d) = -57490*d - 24778183. What is c(-431)?
7
Let v(b) = b**2 + 968*b + 11883. Determine v(-12).
411
Let o(c) = 1152*c + 17243. Determine o(-15).
-37
Let i(u) = 1647*u - 4943. What is i(3)?
-2
Let m(t) = -72*t**2 - 27090*t - 6761. Determine m(-376).
7
Let f(k) = -k**3 - 17*k**2 + 45*k - 92. What is f(-19)?
-225
Let i(g) = -67759*g - 406730. Give i(-6).
-176
Let b(f) = -8*f**2 + 1453*f - 58206. Determine b(122).
-12
Let z(n) = -2*n**3 + 180*n**2 - 871*n + 61065. Calculate z(89).
-612
Let p(h) = 939*h + 32983. Give p(-33).
1996
Let u(v) = 29*v**2 + 1979*v - 5945. Give u(3).
253
Let d(r) = r**3 - 65*r**2 + 170*r + 1018. Calculate d(62).
26
Let m(n) = -n**3 - 79*n**2 + 93*n + 1027. Determine m(-80).
-13
Let c(d) = -4340*d + 151758. Calculate c(35).
-142
Let w(h) = -h**2 + 154*h - 712. Calculate w(152).
-408
Let q(b) = -56*b**2 - 413*b + 331. Determine q(-10).
-1139
Let r(x) = 3*x**3 - 94*x**2 - 251*x - 4725. Give r(35).
-35
Let l(k) = 4*k**2 - 103*k + 1108. Determine l(19).
595
Let r(b) = -463*b - 8841. Calculate r(-18).
-507
Let n(k) = -668*k + 13085. What is n(20)?
-275
Let b(w) = 35358*w - 71173. Calculate b(2).
-457
Let c(v) = 2*v**2 + 339*v + 3760. Give c(-12).
-20
Let g(f) = 58417*f - 1285172. What is g(22)?
2
Let s(x) = -62*x**2 + 1758*x - 58. Calculate s(27).
2210
Let g(o) = -431*o**2 + 10751*o + 605. What is g(25)?
5
Let p(w) = -451107*w + 3608831. Give p(8).
-25
Let l(k) = -108375*k + 8670050. What is l(80)?
50
Let r(m) = m**3 + 64*m**2 + 154*m + 5736. Calculate r(-63).
3
Let o(x) = 1057*x - 68129. Determine o(63).
-1538
Let n(h) = 3*h**2 - 345*h - 1495. Give n(121).
683
Let f(n) = -n**2 + 54994*n + 329991. Calculate f(-6).
-9
Let f(d) = 65*d**2 - 126. Determine f(-5).
1499
Let a(g) = -14*g**3 + 1139*g**2 + 3109*g - 82. Calculate a(84).
2
Let h(u) = -8*u**2 - 4050*u - 96267. Calculate h(-25).
-17
Let s(w) = -w**3 - 21*w**2 + 29*w + 87. Determine s(-19).
-1186
Let h(x) = 286152*x - 3147687. Give h(11).
-15
Let x(k) = k**3 - 58*k**2 + 128*k - 309. What is x(56)?
587
Let k(j) = j**2 - 19446*j + 7525145. Calculate k(395).
0
Let l(p) = -p**3 + 57*p**2 + 80*p + 887. Give l(0).
887
Let f(d) = -d**3 + 53*d**2 - 659*d - 718. Determine f(31).
-5
Let n(q) = 354756*q - 6385606. Calculate n(18).
2
Let z(o) = 30*o**2 + 153*o - 359. Give z(2).
67
Let p(o) = -85*o**2 + 20*o + 265. Calculate p(2).
-35
Let b(t) = -15*t**2 + 776*t - 5435. What is b(7)?
-738
Let l(v) = 2*v**3 + 1319*v**2 - 2024*v - 27113. Give l(-661).
-12
Let h(m) = 3*m**3 + 39*m**2 + 130*m - 3. What is h(-12)?
-1131
Let o(r) = -r**2 + 887*r - 118005. Determine o(163).
7
Let a(c) = -2273*c - 125050. Give a(-55).
-35
Let d(w) = 2*w**3 - 67*w**2 - 55*w + 814. Determine d(34).
100
Let s(k) = 2*k**2 + 643*k - 11147. Calculate s(-338).
7
Let x(i) = i**2 + 9714*i - 136478. What is x(14)?
-286
Let h(a) = 2*a**3 - 223*a**2 - 231*a - 12119. Determine h(113).
85
Let c(u) = -4*u**3 + 927*u**2 - 4535*u + 8. What is c(5)?
8
Let h(j) = -20*j**3 - 20*j**2 - 44*j + 26. Calculate h(-5).
2246
Let n(d) = -63*d + 1744. Calculate n(44).
-1028
Let h(t) = -128*t**2 + 532*t + 179. Calculate h(4).
259
Let i(q) = -5*q**2 - 1014*q - 17005. Give i(-184).
291
Let b(l) = 2*l**2 + 197*l + 4517. Determine b(-68).
369
Let g(u) = -u**3 - 14*u**2 - 957*u - 5470. Calculate g(-6).
-16
Let g(r) = 153640*r + 20434118. Calculate g(-133).
-2
Let o(i) = -6*i**3 - 12*i**2 + 63*i - 413. What is o(6)?
-1763
Let a(d) = -194*d + 26990. What is a(139)?
24
Let k(f) = f**3 - 5*f**2 + 58*f - 64. Determine k(7).
440
Let g(h) = -31*h**2 - 1438*h - 633. Calculate g(-46).
-81
Let h(t) = -t**2 - 2122*t + 276143. Give h(123).
8
Let q(d) = 1652*d + 1652. What is q(-3)?
-3304
Let a(b) = b**3 + 52*b**2 + 165*b + 32. Calculate a(-48).
1328
Let k(a) = -12*a**2 + 952*a + 3997. What is k(-4)?
-3
Let v(h) = 10834*h - 487611. Give v(45).
-81
Let a(c) = -45*c**2 - 440*c + 167. Determine a(-10).
67
Let q(w) = -5040*w + 4031990. Determine q(800).
-10
Let x(v) = 20*v**3 - 2*v**2 + 3*v - 151. Give x(0).
-151
Let u(v) = v**3 - 98*v**2 + 90*v + 281. Give u(97).
-398
Let l(b) = -b**2 + 1621*b - 6467. Calculate l(4).
1
Let q(u) = -4*u**2 - 526*u + 404. Calculate q(-132).
140
Let s(v) = -15*v**2 - 8085*v + 90829. What is s(11)?
79
Let s(q) = 2*q**3 - q**2 - 1382*q - 4078. Determine s(-3).
5
Let m(d) = -638*d - 386. Give m(-3).
1528
Let n(z) = 30586*z + 1009364. Calculate n(-33).
26
Let k(p) = 8*p**2 - 2008*p + 17410. Calculate k(9).
-14
Let j(p) = -p**3 - 1903*p**2 + 4593*p + 1491566. What is j(-1905)?
-49
Let g(m) = 4013*m - 32164. Calculate g(8).
-60
Let z(g) = -3136*g - 31534. What is z(-10)?
-174
Let c(a) = 2*a**2 - 64*a + 680. Give c(43).
1626
Let j(m) = m**3 + 90*m**2 - 1684*m - 157765. Calculate j(-89).
32
Let p(d) = 4*d**2 - 70*d - 3085. Determine p(-20).
-85
Let m(c) = 2465*c + 88827. Give m(-36).
87
Let h(y) = -y**3 - 19*y**2 + 415*y + 7819. Give h(-18).
25
Let v(u) = 102*u**2 + 830*u + 31. Give v(-7).
-781
Let k(f) = -13*f**2 - 127*f - 28. What is k(-10)?
-58
Let x(f) = -68*f**2 - 4286*f - 36. Give x(-63).
90
Let d(i) = 580*i**2 + 6372*i - 70. What is d(-11)?
18
Let u(n) = 305*n - 17340. Determine u(58).
350
Let v(c) = -8*c**2 + 108*c - 1855. Give v(14).
-1911
Let f(u) = -2*u**3 - 166*u**2 + 163*u - 502. Calculate f(-84).
-82
Let g(o) = -10874*o + 739490. What is g(68)?
58
Let w(t) = 4*t**3 - 546*t**2 - 2206*t + 9. Give w(-4).
-159
Let q(w) = -w**3 + 37*w**2 - 71*w + 34. Give q(35).
-1
Let c(b) = b**2 - 4077*b + 12221. Calculate c(3).
-1
Let c(w) = 64455*w + 3222746. Give c(-50).
-4
Let h(c) = 5*c**2 - 287*c - 5591. What is h(-15)?
-161
Let l(w) = -w**3 - w**2 - 13588*w + 81683. Calculate l(6).
-97
Let w(t) = -39034*t + 195126. What is w(5)?
-44
Let r(f) = -4207*f + 172511. Give r(41).
24
Let v(t) = t**3 - 31*t**2 + 23*t + 408. Determine v(27).
-1887
Let f(c) = 5*c**3 + 3*c**2 + 44*c + 423. Calculate f(-5).
-347
Let w(q) = -4*q**2 + 98*q + 46. Give w(-16).
-2546
Let i(r) = -5094*r - 1271. What is i(0)?
-1271
Let p(g) = 664*g**2 - 6627*g - 119. What is p(10)?
11
Let b(c) = -17*c**3 - 41*c**2 + 71*c + 21. Give b(2).
-137
Let r(q) = q**2 + 45*q - 500. Determine r(9).
-14
Let m(d) = 24013*d**2 + 192106*d + 13. Give m(-8).
-3
Let k(u) = u**3 - 28*u**2 + 1585*u - 42059. What is k(27)?
7
Let p(h) = 29355*h + 29432. Determine p(-1).
77
Let c(m) = -41*m + 5963. Give c(166).
-843
Let i(j) = -j**2 - 7390*j + 1331667. What is i(176)?
51
Let z(k) = 10257*k**2 - 174372*k + 129. What is z(17)?
78
Let o(t) = 110630*t + 995896. Determine o(-9).
226
Let h(n) = -n**3 - 161*n**2 - 6221*n - 823. What is h(-64)?
9
Let f(s) = 91*s - 7543. Give f(82).
-81
Let s(c) = c**3 + 135*c**2 - 82*c + 7302. Determine s(-136).
-42
Let t(l) = 2*l**3 + 109*l**2 + 994*l - 182. Determine t(-43).
-397
Let w(c) = c**2 + 9638*c + 469854. What is w(-49)?
-7
Let y(p) = 132*p**2 - 51214*p - 749. Give y(388).
27
Let x(q) = 2*q**3 + 33*q**2 + 162*q + 131. Give x(-8).
-77
Let s(a) = 717*a - 9899. What is s(14)?
139
Let p(i) = 54348*i + 326082. Give p(-6).
-6
Let i(j) = 3*j**2 - 8426*j + 75623. Determine i(9).
32
Let n(m) = -211307*m + 1056544. Give n(5).
9
Let b(d) = 4*d**3 - 216*d**2 + 227*d + 90. What is b(53)?
885
Let p(r) = 3887*r + 1547013. Calculate p(-398).
-13
Let s(k) = -2*k**2 + 81*k - 1143. Give s(11).
-494
Let o(p) = 57*p - 2603. What is o(34)?
-665
Let r(d) = 6265*d - 100226. Calculate r(16).
14
Let c(n) = 1959*n + 78352. What is c(-40)?
-8
Let a(h) = -660695*h + 6606946. What is a(10)?
-4
Let f(r) = 124*r**2 - 8*r + 36. Determine f(-3).
1